{"id":175,"date":"2017-03-29T20:49:02","date_gmt":"2017-03-29T18:49:02","guid":{"rendered":"http:\/\/jantar-gizycko.eu\/gosciniec\/cookie-policy\/"},"modified":"2017-03-29T20:52:04","modified_gmt":"2017-03-29T18:52:04","slug":"cookie-policy","status":"publish","type":"page","link":"https:\/\/jantar-gizycko.eu\/gosciniec\/cookie-policy\/","title":{"rendered":"Cookie Policy"},"content":{"rendered":"<h2>JANTAR GI\u017bYCKO &#8211;\u00a0POLITYKA COOKIES<\/h2>\n<figure id=\"attachment_551\" aria-describedby=\"caption-attachment-551\" style=\"width: 218px\" class=\"wp-caption alignright\"><img loading=\"lazy\" class=\"wp-image-551 size-full\" title=\"Polityka Cookies\" src=\"http:\/\/profilabexpress.pl\/wp-content\/uploads\/2016\/10\/cookiePolicy.jpg\" alt=\"Polityka Cookies\" width=\"218\" height=\"218\" \/><figcaption id=\"caption-attachment-551\" class=\"wp-caption-text\">Polityka Cookies<\/figcaption><\/figure>\n<p>Strona www.jantar-gizycko.eu korzysta z ciasteczek (ang. cookies) \u2013 niewielkie pliki tekstowe, kt\u00f3re s\u0105 umieszczone na Twoim komputerze. Pliki te pozwalaj\u0105 dostarczy\u0107 Ci wi\u0119cej informacji i lepiej dopasowa\u0107 je do Twoich potrzeb, przechowywa\u0107 Twoje preferencje a tak\u017ce przekazywa\u0107 anonimowe dane dotycz\u0105ce Twojego sposobu korzystania z danej strony WWW do aplikacji stworzonych przez inne podmioty np. Google Analytics.<\/p>\n<figure id=\"attachment_551\" class=\"wp-caption alignright\"><figcaption class=\"wp-caption-text\"><\/figcaption><\/figure>\n","protected":false},"excerpt":{"rendered":"<p>JANTAR GI\u017bYCKO &#8211;\u00a0POLITYKA COOKIES Strona www.jantar-gizycko.eu korzysta z ciasteczek (ang. cookies) \u2013 niewielkie pliki tekstowe, kt\u00f3re s\u0105 umieszczone na Twoim komputerze. Pliki te pozwalaj\u0105 dostarczy\u0107 Ci wi\u0119cej informacji i lepiej dopasowa\u0107 je do Twoich potrzeb, przechowywa\u0107 Twoje preferencje a tak\u017ce przekazywa\u0107 anonimowe dane dotycz\u0105ce Twojego sposobu korzystania z danej strony WWW do aplikacji stworzonych przez [&hellip;]<\/p>\n","protected":false},"author":1,"featured_media":0,"parent":0,"menu_order":0,"comment_status":"closed","ping_status":"closed","template":"","meta":[],"yoast_head":"<!-- This site is optimized with the Yoast SEO plugin v16.3 - https:\/\/yoast.com\/wordpress\/plugins\/seo\/ -->\n<title>Cookie Policy - Go\u015bciniec Jantar - Gi\u017cycko<\/title>\n<meta name=\"robots\" content=\"index, follow, max-snippet:-1, max-image-preview:large, max-video-preview:-1\" \/>\n<link rel=\"canonical\" href=\"https:\/\/jantar-gizycko.eu\/gosciniec\/cookie-policy\/\" \/>\n<meta property=\"og:locale\" content=\"pl_PL\" \/>\n<meta property=\"og:type\" content=\"article\" \/>\n<meta property=\"og:title\" content=\"Cookie Policy - Go\u015bciniec Jantar - Gi\u017cycko\" \/>\n<meta property=\"og:description\" content=\"JANTAR GI\u017bYCKO &#8211;\u00a0POLITYKA COOKIES Strona www.jantar-gizycko.eu korzysta z ciasteczek (ang. cookies) \u2013 niewielkie pliki tekstowe, kt\u00f3re s\u0105 umieszczone na Twoim komputerze. Pliki te pozwalaj\u0105 dostarczy\u0107 Ci wi\u0119cej informacji i lepiej dopasowa\u0107 je do Twoich potrzeb, przechowywa\u0107 Twoje preferencje a tak\u017ce przekazywa\u0107 anonimowe dane dotycz\u0105ce Twojego sposobu korzystania z danej strony WWW do aplikacji stworzonych przez [&hellip;]\" \/>\n<meta property=\"og:url\" content=\"https:\/\/jantar-gizycko.eu\/gosciniec\/cookie-policy\/\" \/>\n<meta property=\"og:site_name\" content=\"Go\u015bciniec Jantar - Gi\u017cycko\" \/>\n<meta property=\"article:modified_time\" content=\"2017-03-29T18:52:04+00:00\" \/>\n<meta property=\"og:image\" content=\"http:\/\/profilabexpress.pl\/wp-content\/uploads\/2016\/10\/cookiePolicy.jpg\" \/>\n<meta name=\"twitter:card\" content=\"summary\" \/>\n<script type=\"application\/ld+json\" class=\"yoast-schema-graph\">{\"@context\":\"https:\/\/schema.org\",\"@graph\":[{\"@type\":\"Organization\",\"@id\":\"https:\/\/jantar-gizycko.eu\/gosciniec\/#organization\",\"name\":\"Go\\u015bciniec Jantar Gi\\u017cycko\",\"url\":\"https:\/\/jantar-gizycko.eu\/gosciniec\/\",\"sameAs\":[],\"logo\":{\"@type\":\"ImageObject\",\"@id\":\"https:\/\/jantar-gizycko.eu\/gosciniec\/#logo\",\"inLanguage\":\"pl-PL\",\"url\":\"http:\/\/jantar-gizycko.eu\/gosciniec\/wp-content\/uploads\/2017\/03\/gosciniec-logo-ok.png\",\"contentUrl\":\"http:\/\/jantar-gizycko.eu\/gosciniec\/wp-content\/uploads\/2017\/03\/gosciniec-logo-ok.png\",\"width\":1500,\"height\":1000,\"caption\":\"Go\\u015bciniec Jantar Gi\\u017cycko\"},\"image\":{\"@id\":\"https:\/\/jantar-gizycko.eu\/gosciniec\/#logo\"}},{\"@type\":\"WebSite\",\"@id\":\"https:\/\/jantar-gizycko.eu\/gosciniec\/#website\",\"url\":\"https:\/\/jantar-gizycko.eu\/gosciniec\/\",\"name\":\"Go\\u015bciniec Jantar - Gi\\u017cycko\",\"description\":\"Pokoje hotelowe\",\"publisher\":{\"@id\":\"https:\/\/jantar-gizycko.eu\/gosciniec\/#organization\"},\"potentialAction\":[{\"@type\":\"SearchAction\",\"target\":\"https:\/\/jantar-gizycko.eu\/gosciniec\/?s={search_term_string}\",\"query-input\":\"required name=search_term_string\"}],\"inLanguage\":\"pl-PL\"},{\"@type\":\"ImageObject\",\"@id\":\"https:\/\/jantar-gizycko.eu\/gosciniec\/cookie-policy\/#primaryimage\",\"inLanguage\":\"pl-PL\",\"url\":\"http:\/\/profilabexpress.pl\/wp-content\/uploads\/2016\/10\/cookiePolicy.jpg\",\"contentUrl\":\"http:\/\/profilabexpress.pl\/wp-content\/uploads\/2016\/10\/cookiePolicy.jpg\"},{\"@type\":\"WebPage\",\"@id\":\"https:\/\/jantar-gizycko.eu\/gosciniec\/cookie-policy\/#webpage\",\"url\":\"https:\/\/jantar-gizycko.eu\/gosciniec\/cookie-policy\/\",\"name\":\"Cookie Policy - Go\\u015bciniec Jantar - Gi\\u017cycko\",\"isPartOf\":{\"@id\":\"https:\/\/jantar-gizycko.eu\/gosciniec\/#website\"},\"primaryImageOfPage\":{\"@id\":\"https:\/\/jantar-gizycko.eu\/gosciniec\/cookie-policy\/#primaryimage\"},\"datePublished\":\"2017-03-29T18:49:02+00:00\",\"dateModified\":\"2017-03-29T18:52:04+00:00\",\"breadcrumb\":{\"@id\":\"https:\/\/jantar-gizycko.eu\/gosciniec\/cookie-policy\/#breadcrumb\"},\"inLanguage\":\"pl-PL\",\"potentialAction\":[{\"@type\":\"ReadAction\",\"target\":[\"https:\/\/jantar-gizycko.eu\/gosciniec\/cookie-policy\/\"]}]},{\"@type\":\"BreadcrumbList\",\"@id\":\"https:\/\/jantar-gizycko.eu\/gosciniec\/cookie-policy\/#breadcrumb\",\"itemListElement\":[{\"@type\":\"ListItem\",\"position\":1,\"item\":{\"@type\":\"WebPage\",\"@id\":\"https:\/\/jantar-gizycko.eu\/gosciniec\/\",\"url\":\"https:\/\/jantar-gizycko.eu\/gosciniec\/\",\"name\":\"Strona g\\u0142\\u00f3wna\"}},{\"@type\":\"ListItem\",\"position\":2,\"item\":{\"@id\":\"https:\/\/jantar-gizycko.eu\/gosciniec\/cookie-policy\/#webpage\"}}]}]}<\/script>\n<!-- \/ Yoast SEO plugin. -->","_links":{"self":[{"href":"https:\/\/jantar-gizycko.eu\/gosciniec\/wp-json\/wp\/v2\/pages\/175"}],"collection":[{"href":"https:\/\/jantar-gizycko.eu\/gosciniec\/wp-json\/wp\/v2\/pages"}],"about":[{"href":"https:\/\/jantar-gizycko.eu\/gosciniec\/wp-json\/wp\/v2\/types\/page"}],"author":[{"embeddable":true,"href":"https:\/\/jantar-gizycko.eu\/gosciniec\/wp-json\/wp\/v2\/users\/1"}],"replies":[{"embeddable":true,"href":"https:\/\/jantar-gizycko.eu\/gosciniec\/wp-json\/wp\/v2\/comments?post=175"}],"version-history":[{"count":2,"href":"https:\/\/jantar-gizycko.eu\/gosciniec\/wp-json\/wp\/v2\/pages\/175\/revisions"}],"predecessor-version":[{"id":177,"href":"https:\/\/jantar-gizycko.eu\/gosciniec\/wp-json\/wp\/v2\/pages\/175\/revisions\/177"}],"wp:attachment":[{"href":"https:\/\/jantar-gizycko.eu\/gosciniec\/wp-json\/wp\/v2\/media?parent=175"}],"curies":[{"name":"wp","href":"https:\/\/api.w.org\/{rel}","templated":true}]}}